{"id":70,"date":"2018-08-14T02:42:45","date_gmt":"2018-08-14T02:42:45","guid":{"rendered":"https:\/\/coalicionlaica.org.ar\/cael\/?page_id=70"},"modified":"2018-08-14T14:07:24","modified_gmt":"2018-08-14T14:07:24","slug":"apostasias-colectivas","status":"publish","type":"page","link":"https:\/\/coalicionlaica.org.ar\/cael\/apostasias-colectivas\/","title":{"rendered":"Apostas\u00edas colectivas"},"content":{"rendered":"\n<p>La apostas\u00eda es un procedimiento del C\u00f3digo Can\u00f3nico que las y los fieles catolicxs realizan para desligarse institucionalmente de la Iglesia Cat\u00f3lica Apost\u00f3lica Romana.<\/p>\n\n\n\n<p>Es un acto pol\u00edtico y simb\u00f3lico reivindicatorio que grita No en mi nombre!, en el entendimiento de que la ICAR es la principal fuerza motora que se opone a la ampliaci\u00f3n y reconocimiento de derechos de nuestro Pueblo.<\/p>\n\n\n\n<p><a href=\"https:\/\/www.apostasia.com.ar\/index.php\">Apostas\u00eda colectiva<\/a>, la principal agrupaci\u00f3n que organiza actividades de apostas\u00edas en nuestro pa\u00eds, integra la Coalici\u00f3n.<\/p>\n\n\n\n<p>Para saber qu\u00e9 es la apostas\u00eda, qu\u00e9 representa y c\u00f3mo llevar adelante el tr\u00e1mite, la mejor fuente de informaci\u00f3n es la p\u00e1gina web de Apostas\u00eda Colectiva<\/p>\n\n\n\n<p><a href=\"https:\/\/www.apostasia.com.ar\/index.php\/tramite-de-apostasia\">https:\/\/www.apostasia.com.ar\/index.php\/tramite-de-apostasia<\/a><\/p>\n\n\n\n<p>Si quer\u00e9s conocer la fecha de la pr\u00f3xima apostas\u00eda colectiva en tu ciudad pod\u00e9s consultar nuestra secci\u00f3n de eventos en Facebook<\/p>\n\n\n\n<p><a href=\"https:\/\/www.facebook.com\/pg\/estadolaico\/events\/\">https:\/\/www.facebook.com\/pg\/estadolaico\/events\/<\/a><\/p>\n\n\n\n<p><strong>En la Ciudad de Buenos Aires la pr\u00f3xima apostas\u00eda colectiva ser\u00e1 el s\u00e1bado 18 de agosto de 14 a 20hs. en la esquina de las avenidas Corrientes y Callao<\/strong><\/p>\n\n\n\n<p><strong>M\u00e1s info en\u00a0https:\/\/www.facebook.com\/events\/241730383143881\/<\/strong><\/p>\n","protected":false},"excerpt":{"rendered":"<p>La apostas\u00eda es un procedimiento del C\u00f3digo Can\u00f3nico que las y los fieles catolicxs realizan para desligarse institucionalmente de la Iglesia Cat\u00f3lica Apost\u00f3lica Romana. Es un acto pol\u00edtico y simb\u00f3lico reivindicatorio que grita No en mi nombre!, en el entendimiento de que la ICAR es la principal fuerza motora que se opone a la ampliaci\u00f3n &hellip; <a href=\"https:\/\/coalicionlaica.org.ar\/cael\/apostasias-colectivas\/\" class=\"more-link\">Sigue leyendo <span class=\"screen-reader-text\">Apostas\u00edas colectivas<\/span><\/a><\/p>\n","protected":false},"author":1,"featured_media":0,"parent":0,"menu_order":0,"comment_status":"closed","ping_status":"closed","template":"","meta":{"footnotes":""},"class_list":["post-70","page","type-page","status-publish","hentry"],"_links":{"self":[{"href":"https:\/\/coalicionlaica.org.ar\/cael\/wp-json\/wp\/v2\/pages\/70","targetHints":{"allow":["GET"]}}],"collection":[{"href":"https:\/\/coalicionlaica.org.ar\/cael\/wp-json\/wp\/v2\/pages"}],"about":[{"href":"https:\/\/coalicionlaica.org.ar\/cael\/wp-json\/wp\/v2\/types\/page"}],"author":[{"embeddable":true,"href":"https:\/\/coalicionlaica.org.ar\/cael\/wp-json\/wp\/v2\/users\/1"}],"replies":[{"embeddable":true,"href":"https:\/\/coalicionlaica.org.ar\/cael\/wp-json\/wp\/v2\/comments?post=70"}],"version-history":[{"count":7,"href":"https:\/\/coalicionlaica.org.ar\/cael\/wp-json\/wp\/v2\/pages\/70\/revisions"}],"predecessor-version":[{"id":105,"href":"https:\/\/coalicionlaica.org.ar\/cael\/wp-json\/wp\/v2\/pages\/70\/revisions\/105"}],"wp:attachment":[{"href":"https:\/\/coalicionlaica.org.ar\/cael\/wp-json\/wp\/v2\/media?parent=70"}],"curies":[{"name":"wp","href":"https:\/\/api.w.org\/{rel}","templated":true}]}}