{"id":24,"date":"2018-08-13T03:36:52","date_gmt":"2018-08-13T03:36:52","guid":{"rendered":"https:\/\/coalicionlaica.org.ar\/cael\/?page_id=24"},"modified":"2018-08-14T01:59:52","modified_gmt":"2018-08-14T01:59:52","slug":"documentos","status":"publish","type":"page","link":"https:\/\/coalicionlaica.org.ar\/cael\/documentos\/","title":{"rendered":"Documentos"},"content":{"rendered":"<p><a title=\"descargar PDF\" href=\"http:\/\/coalicionlaica.org.ar\/Proyecto_municipios_laicos_2014.pdf\">Campa\u00f1a Nacional por Municipios Laicos<\/a> (junio de 2014)<\/p>\n<p>Art\u00edculo: <a title=\"descargar PDF\" href=\"http:\/\/www.coalicionlaica.org.ar\/Las%20dictaduras%20en%20Argentina%20y%20la%20clericalizaci%C3%B3n%20CAEL.pdf\">Las dictaduras en Argentina y la clericalizaci\u00f3n de la legislaci\u00f3n<\/a> por Fernando Lozada (30 de agosto de 2012)<\/p>\n<p>Audiencia P\u00fablica sobre modificaci\u00f3n del C\u00f3digo Civil: <a title=\"descargar PDF\" href=\"http:\/\/www.coalicionlaica.org.ar\/CAEL_Audiencia_Codigo_Civil.pdf\">Exposici\u00f3n sobre personas jur\u00eddicas p\u00fablicas, car\u00e1cter p\u00fablico de la iglesia cat\u00f3lica.<\/a> (24 de agosto de 2012)<\/p>\n<p>Anexo: <a href=\"http:\/\/coalicionlaica.org.ar\/anexo_codigo_civil.php\">Modificaciones propuestas al C\u00f3digo Civil<\/a><\/p>\n<p><a href=\"http:\/\/www.coalicionlaica.org.ar\/libertad_religiosa.php\">Proyecto de ley de \u00ablibertad religiosa\u00bb vulnera al Estado Laico<\/a><\/p>\n<p>Proyecto de ley: <a title=\"proyecto completo\" href=\"http:\/\/www1.hcdn.gov.ar\/proyxml\/expediente.asp?fundamentos=si&amp;numexp=5666-D-2011\">GARANTIA DEL DERECHO A LA LIBERTAD DE CONCIENCIA Y EQUIDAD INSTITUCIONAL.<\/a><\/p>\n<p>Segunda Carta Abierta a la Presidenta de la Naci\u00f3n en ocasi\u00f3n del Tedeum: <a href=\"http:\/\/www.coalicionlaica.org.ar\/carta_abierta_tedeum_2012.html\">El 25 de mayo y la Iglesia Cat\u00f3lica<\/a> (2012)<\/p>\n<p><a title=\".\" href=\"http:\/\/www.facebook.com\/notes\/coalici%C3%B3n-argentina-por-un-estado-laico-cael\/reclam%C3%A1-al-presidente-de-la-c%C3%A1mara-de-diputados-que-retire-la-virgen-de-luj%C3%A1n-qu\/221378861271982\">Carta al Sr. Diputado Nacional Juli\u00e1n Dom\u00ednguez,<\/a> sobre el retiro de im\u00e1genes religiosas de la C\u00e1mara de Diputados (20 de diciembre de 2011)<\/p>\n<p>Carta Abierta a la Presidenta de la Naci\u00f3n: en ocasi\u00f3n del Tedeum: <a href=\"http:\/\/www.coalicionlaica.org.ar\/carta_te_deum.php\">El 25 de mayo y la Iglesia Cat\u00f3lica<\/a> (2011)<\/p>\n<p>An\u00e1lisis del proyecto de ley Hotton sobre libertad religiosa:<\/p>\n<p>Pastor Guillermo Prein, Centro Nueva Vida: <a href=\"http:\/\/www.ccnv.org\/secciones\/en_vivo\/ley_de_cultos\/pdf\/PROYECTOdeLEYdeCULTOS.pdf\">Descargar PDF<\/a><\/p>\n<p>Ateos de Mar del Plata: <a href=\"https:\/\/docs.google.com\/fileview?id=1oB3Nti9xXkvkHcQimYYZCi5GbnlAsT0IL_NEykIGj26wELbc0tscRH9OV3b9&amp;hl=en&amp;pli=1\">Leer en l\u00ed\u00adnea<\/a><\/p>\n<p>Ciro Annicchiarico: <a href=\"http:\/\/ateomilitante.com.ar\/inicio\/index.php?option=com_content&amp;view=article&amp;id=442\">Leer en l\u00ednea<\/a><\/p>\n<p>FALGBT: <a href=\"http:\/\/elmismoamor.org\/mail_diversidadcredos_1.php\">Leer en l\u00ednea<\/a><\/p>\n<p>ArgAtea: <a href=\"http:\/\/www.coalicionlaica.org.ar\/analisis_argatea_libertad_religiosa.pdf\">Descargar PDF<\/a><\/p>\n","protected":false},"excerpt":{"rendered":"<p>Campa\u00f1a Nacional por Municipios Laicos (junio de 2014) Art\u00edculo: Las dictaduras en Argentina y la clericalizaci\u00f3n de la legislaci\u00f3n por Fernando Lozada (30 de agosto de 2012) Audiencia P\u00fablica sobre modificaci\u00f3n del C\u00f3digo Civil: Exposici\u00f3n sobre personas jur\u00eddicas p\u00fablicas, car\u00e1cter p\u00fablico de la iglesia cat\u00f3lica. (24 de agosto de 2012) Anexo: Modificaciones propuestas al C\u00f3digo &hellip; <a href=\"https:\/\/coalicionlaica.org.ar\/cael\/documentos\/\" class=\"more-link\">Sigue leyendo <span class=\"screen-reader-text\">Documentos<\/span><\/a><\/p>\n","protected":false},"author":1,"featured_media":0,"parent":0,"menu_order":0,"comment_status":"closed","ping_status":"closed","template":"","meta":{"footnotes":""},"class_list":["post-24","page","type-page","status-publish","hentry"],"_links":{"self":[{"href":"https:\/\/coalicionlaica.org.ar\/cael\/wp-json\/wp\/v2\/pages\/24","targetHints":{"allow":["GET"]}}],"collection":[{"href":"https:\/\/coalicionlaica.org.ar\/cael\/wp-json\/wp\/v2\/pages"}],"about":[{"href":"https:\/\/coalicionlaica.org.ar\/cael\/wp-json\/wp\/v2\/types\/page"}],"author":[{"embeddable":true,"href":"https:\/\/coalicionlaica.org.ar\/cael\/wp-json\/wp\/v2\/users\/1"}],"replies":[{"embeddable":true,"href":"https:\/\/coalicionlaica.org.ar\/cael\/wp-json\/wp\/v2\/comments?post=24"}],"version-history":[{"count":4,"href":"https:\/\/coalicionlaica.org.ar\/cael\/wp-json\/wp\/v2\/pages\/24\/revisions"}],"predecessor-version":[{"id":58,"href":"https:\/\/coalicionlaica.org.ar\/cael\/wp-json\/wp\/v2\/pages\/24\/revisions\/58"}],"wp:attachment":[{"href":"https:\/\/coalicionlaica.org.ar\/cael\/wp-json\/wp\/v2\/media?parent=24"}],"curies":[{"name":"wp","href":"https:\/\/api.w.org\/{rel}","templated":true}]}}

<p><a title="descargar PDF" href="http://coalicionlaica.org.ar/Proyecto_municipios_laicos_2014.pdf">Campaña Nacional por Municipios Laicos</a> (junio de 2014)</p>
<p>Artículo: <a title="descargar PDF" href="http://www.coalicionlaica.org.ar/Las%20dictaduras%20en%20Argentina%20y%20la%20clericalizaci%C3%B3n%20CAEL.pdf">Las dictaduras en Argentina y la clericalización de la legislación</a> por Fernando Lozada (30 de agosto de 2012)</p>
<p>Audiencia Pública sobre modificación del Código Civil: <a title="descargar PDF" href="http://www.coalicionlaica.org.ar/CAEL_Audiencia_Codigo_Civil.pdf">Exposición sobre personas jurídicas públicas, carácter público de la iglesia católica.</a> (24 de agosto de 2012)</p>
<p>Anexo: <a href="http://coalicionlaica.org.ar/anexo_codigo_civil.php">Modificaciones propuestas al Código Civil</a></p>
<p><a href="http://www.coalicionlaica.org.ar/libertad_religiosa.php">Proyecto de ley de «libertad religiosa» vulnera al Estado Laico</a></p>
<p>Proyecto de ley: <a title="proyecto completo" href="http://www1.hcdn.gov.ar/proyxml/expediente.asp?fundamentos=si&amp;numexp=5666-D-2011">GARANTIA DEL DERECHO A LA LIBERTAD DE CONCIENCIA Y EQUIDAD INSTITUCIONAL.</a></p>
<p>Segunda Carta Abierta a la Presidenta de la Nación en ocasión del Tedeum: <a href="http://www.coalicionlaica.org.ar/carta_abierta_tedeum_2012.html">El 25 de mayo y la Iglesia Católica</a> (2012)</p>
<p><a title="." href="http://www.facebook.com/notes/coalici%C3%B3n-argentina-por-un-estado-laico-cael/reclam%C3%A1-al-presidente-de-la-c%C3%A1mara-de-diputados-que-retire-la-virgen-de-luj%C3%A1n-qu/221378861271982">Carta al Sr. Diputado Nacional Julián Domínguez,</a> sobre el retiro de imágenes religiosas de la Cámara de Diputados (20 de diciembre de 2011)</p>
<p>Carta Abierta a la Presidenta de la Nación: en ocasión del Tedeum: <a href="http://www.coalicionlaica.org.ar/carta_te_deum.php">El 25 de mayo y la Iglesia Católica</a> (2011)</p>
<p>Análisis del proyecto de ley Hotton sobre libertad religiosa:</p>
<p>Pastor Guillermo Prein, Centro Nueva Vida: <a href="http://www.ccnv.org/secciones/en_vivo/ley_de_cultos/pdf/PROYECTOdeLEYdeCULTOS.pdf">Descargar PDF</a></p>
<p>Ateos de Mar del Plata: <a href="https://docs.google.com/fileview?id=1oB3Nti9xXkvkHcQimYYZCi5GbnlAsT0IL_NEykIGj26wELbc0tscRH9OV3b9&amp;hl=en&amp;pli=1">Leer en lí­nea</a></p>
<p>Ciro Annicchiarico: <a href="http://ateomilitante.com.ar/inicio/index.php?option=com_content&amp;view=article&amp;id=442">Leer en línea</a></p>
<p>FALGBT: <a href="http://elmismoamor.org/mail_diversidadcredos_1.php">Leer en línea</a></p>
<p>ArgAtea: <a href="http://www.coalicionlaica.org.ar/analisis_argatea_libertad_religiosa.pdf">Descargar PDF</a></p>

<p>Campaña Nacional por Municipios Laicos (junio de 2014) Artículo: Las dictaduras en Argentina y la clericalización de la legislación por Fernando Lozada (30 de agosto de 2012) Audiencia Pública sobre modificación del Código Civil: Exposición sobre personas jurídicas públicas, carácter público de la iglesia católica. (24 de agosto de 2012) Anexo: Modificaciones propuestas al Código &hellip; <a href="https://coalicionlaica.org.ar/cael/documentos/" class="more-link">Sigue leyendo <span class="screen-reader-text">Documentos</span></a></p>
